 hundreds digit of 3779?
7
What is the ten thousands digit of 37827?
3
What is the hundreds digit of 162?
1
What is the hundreds digit of 3008?
0
What is the tens digit of 15202?
0
What is the units digit of 665?
5
What is the units digit of 29?
9
What is the units digit of 3537?
7
What is the units digit of 432?
2
What is the tens digit of 43399?
9
What is the tens digit of 6563?
6
What is the units digit of 207?
7
What is the hundreds digit of 32944?
9
What is the tens digit of 11274?
7
What is the tens digit of 7163?
6
What is the tens digit of 96785?
8
What is the units digit of 4922?
2
What is the units digit of 4811?
1
What is the ten thousands digit of 166323?
6
What is the hundreds digit of 1323?
3
What is the hundreds digit of 979?
9
What is the units digit of 10701?
1
What is the hundreds digit of 984?
9
What is the thousands digit of 1969?
1
What is the tens digit of 38388?
8
What is the units digit of 4678?
8
What is the hundreds digit of 42194?
1
What is the hundreds digit of 4946?
9
What is the tens digit of 742?
4
What is the tens digit of 49964?
6
What is the ten thousands digit of 10755?
1
What is the units digit of 28499?
9
What is the ten thousands digit of 80303?
8
What is the tens digit of 18741?
4
What is the units digit of 735?
5
What is the hundreds digit of 1175?
1
What is the tens digit of 580?
8
What is the units digit of 5975?
5
What is the units digit of 151?
1
What is the hundreds digit of 38778?
7
What is the thousands digit of 8645?
8
What is the hundreds digit of 800?
8
What is the hundreds digit of 165?
1
What is the thousands digit of 2709?
2
What is the hundreds digit of 4364?
3
What is the tens digit of 592?
9
What is the ten thousands digit of 34306?
3
What is the units digit of 5952?
2
What is the thousands digit of 1296?
1
What is the ten thousands digit of 103737?
0
What is the hundreds digit of 8940?
9
What is the hundreds digit of 740?
7
What is the ten thousands digit of 22734?
2
What is the tens digit of 74210?
1
What is the thousands digit of 130803?
0
What is the tens digit of 39412?
1
What is the hundreds digit of 1291?
2
What is the hundreds digit of 180?
1
What is the thousands digit of 63432?
3
What is the hundreds digit of 5931?
9
What is the units digit of 1052?
2
What is the thousands digit of 2913?
2
What is the tens digit of 28554?
5
What is the hundreds digit of 2548?
5
What is the hundreds digit of 6816?
8
What is the thousands digit of 34845?
4
What is the ten thousands digit of 91034?
9
What is the hundreds digit of 48339?
3
What is the units digit of 778?
8
What is the tens digit of 973?
7
What is the ten thousands digit of 17386?
1
What is the hundreds digit of 3366?
3
What is the hundred thousands digit of 103081?
1
What is the tens digit of 3840?
4
What is the units digit of 7335?
5
What is the tens digit of 22595?
9
What is the thousands digit of 9593?
9
What is the tens digit of 11981?
8
What is the units digit of 23352?
2
What is the thousands digit of 98876?
8
What is the hundreds digit of 89749?
7
What is the tens digit of 7954?
5
What is the units digit of 18433?
3
What is the ten thousands digit of 30435?
3
What is the hundreds digit of 16192?
1
What is the thousands digit of 13629?
3
What is the units digit of 11048?
8
What is the units digit of 2880?
0
What is the units digit of 1834?
4
What is the hundreds digit of 6403?
4
What is the tens digit of 371?
7
What is the units digit of 91586?
6
What is the thousands digit of 6263?
6
What is the tens digit of 2202?
0
What is the tens digit of 41529?
2
What is the units digit of 1319?
9
What is the thousands digit of 1349?
1
What is the tens digit of 5544?
4
What is the tens digit of 19643?
4
What is the tens digit of 104124?
2
What is the hundreds digit of 593?
5
What is the tens digit of 1309?
0
What is the hundreds digit of 4091?
0
What is the units digit of 4156?
6
What is the tens digit of 12714?
1
What is the hundreds digit of 336?
3
What is the units digit of 450?
0
What is the thousands digit of 147479?
7
What is the hundreds digit of 589?
5
What is the tens digit of 7839?
3
What is the units digit of 2563?
3
What is the thousands digit of 6118?
6
What is the thousands digit of 15330?
5
What is the hundreds digit of 34943?
9
What is the thousands digit of 73749?
3
What is the tens digit of 3604?
0
What is the units digit of 2021?
1
What is the units digit of 26712?
2
What is the units digit of 2961?
1
What is the tens digit of 18061?
6
What is the units digit of 1865?
5
What is the hundreds digit of 4874?
8
What is the tens digit of 40453?
5
What is the units digit of 28564?
4
What is the units digit of 1029?
9
What is the units digit of 104063?
3
What is the ten thousands digit of 16088?
1
What is the thousands digit of 4289?
4
What is the hundreds digit of 23252?
2
What is the tens digit of 938?
3
What is the units digit of 2564?
4
What is the units digit of 8937?
7
What is the units digit of 7056?
6
What is the thousands digit of 23604?
3
What is the thousands digit of 7954?
7
What is the ten thousands digit of 12449?
1
What is the thousands digit of 2303?
2
What is the tens digit of 30193?
9
What is the tens digit of 9849?
4
What is the hundreds digit of 157170?
1
What is the thousands digit of 74688?
4
What is the thousands digit of 1116?
1
What is the hundreds digit of 3950?
9
What is the tens digit of 33707?
0
What is the units digit of 3671?
1
What is the tens digit of 2365?
6
What is the units digit of 1035?
5
What is the tens digit of 13421?
2
What is the ten thousands digit of 20884?
2
What is the units digit of 290?
0
What is the thousands digit of 8688?
8
What is the units digit of 2205?
5
What is the tens digit of 1296?
9
What is the hundreds digit of 527?
5
What is the hundreds digit of 324?
3
What is the tens digit of 2669?
6
What is the hundreds digit of 574?
5
What is the units digit of 6684?
4
What is the hundreds digit of 505?
5
What is the units digit of 10747?
7
What is the units digit of 4769?
9
What is the tens digit of 278?
7
What is the tens digit of 2946?
4
What is the tens digit of 8332?
3
What is the units digit of 424?
4
What is the tens digit of 23389?
8
What is the tens digit of 925?
2
What is the units digit of 6776?
6
What is the hundreds digit of 1360?
3
What is the ten thousands digit of 142491?
4
What is the ten thousands digit of 20697?
2
What is the hundreds digit of 15403?
4
What is the hundreds digit of 2745?
7
What is the thousands digit of 8146?
8
What is the ten thousands digit of 11183?
1
What is the thousands digit of 8958?
8
What is the hundreds digit of 70994?
9
What is the hundreds digit of 149366?
3
What is the hundreds digit of 989?
9
What is the hundreds digit of 3440?
4
What is the hundreds digit of 5244?
2
What is the tens digit of 59?
5
What is the hundreds digit of 793?
7
What is the hundreds digit of 13635?
6
What is the thousands digit of 16712?
6
What is the hundreds digit of 530?
5
What is the tens digit of 3006?
0
What is the hundreds digit of 136?
1
What is the units digit of 330?
0
What is the thousands digit of 1217?
1
What is the hundreds digit of 2627?
6
What is the thousands digit of 20656?
0
What is the hundreds digit of 18886?
8
What is the units digit of 3714?
4
What is the ten thousands digit of 20542?
2
What is the thousands digit of 3769?
3
What is the tens digit of 36094?
9
What is the units digit of 4442?
2
What is the tens digit of 3722?
2
What is the thousands digit of 32123?
2
What is the hundreds digit of 449?
4
What is the units digit of 49606?
6
What is the tens digit of 59988?
8
What is the units digit of 14214?
4
What is the tens digit of 1337?
3
What is the tens digit of 307?
0
What is the hundreds digit of 2040?
0
What is the tens digit of 32?
3
What is the hundreds digit of 34094?
0
What is the units digit of 266?
6
What is the units digit of 82488?
8
What is the thousands digit of 38889?
8
What is the tens digit of 49583?
8
What is the tens digit of 190?
9
What is the ten thousands digit of 38746?
3
What is the thousands digit of 3896?
3
What is the units digit of 1217?
7
What is the units digit of 9063?
3
What is the hundreds digit of 3280?
2
What is the ten thousands digit of 180073?
8
What is the units digit of 70197?
7
What 